{"id":11,"date":"2023-06-17T18:18:19","date_gmt":"2023-06-17T18:18:19","guid":{"rendered":"https:\/\/eppursimuove.ro\/Index\/?page_id=11"},"modified":"2023-06-17T18:18:19","modified_gmt":"2023-06-17T18:18:19","slug":"contact","status":"publish","type":"page","link":"https:\/\/eppursimuove.ro\/Index\/index.php\/contact\/","title":{"rendered":"Contact"},"content":{"rendered":"\n<p>Aceasta e o pagin\u0103 cu c\u00e2teva simple informa\u021bii de contact, cum ar fi adresa sau num\u0103rul de telefon. Ai putea s\u0103 \u00eencerci \u0219i un modul ca s\u0103 adaugi un formular de contact.<\/p>\n\n<p>Create your <a href=\"https:\/\/eppursimuove.ro\/Index\/wp-admin\/admin.php?page=wpforms-overview\" target=\"_blank\" rel=\"noopener noreferrer\">contact form<\/a> with WPForms in minutes.<\/p>\n","protected":false},"excerpt":{"rendered":"<p>Aceasta e o pagin\u0103 cu c\u00e2teva simple informa\u021bii de contact, cum ar fi adresa sau num\u0103rul de telefon. Ai putea s\u0103 \u00eencerci \u0219i un modul ca s\u0103 adaugi un formular de contact. Create your contact form with WPForms in minutes.<\/p>\n","protected":false},"author":1,"featured_media":6,"parent":0,"menu_order":0,"comment_status":"closed","ping_status":"closed","template":"","meta":{"footnotes":""},"class_list":["post-11","page","type-page","status-publish","has-post-thumbnail","hentry"],"_links":{"self":[{"href":"https:\/\/eppursimuove.ro\/Index\/index.php\/wp-json\/wp\/v2\/pages\/11","targetHints":{"allow":["GET"]}}],"collection":[{"href":"https:\/\/eppursimuove.ro\/Index\/index.php\/wp-json\/wp\/v2\/pages"}],"about":[{"href":"https:\/\/eppursimuove.ro\/Index\/index.php\/wp-json\/wp\/v2\/types\/page"}],"author":[{"embeddable":true,"href":"https:\/\/eppursimuove.ro\/Index\/index.php\/wp-json\/wp\/v2\/users\/1"}],"replies":[{"embeddable":true,"href":"https:\/\/eppursimuove.ro\/Index\/index.php\/wp-json\/wp\/v2\/comments?post=11"}],"version-history":[{"count":1,"href":"https:\/\/eppursimuove.ro\/Index\/index.php\/wp-json\/wp\/v2\/pages\/11\/revisions"}],"predecessor-version":[{"id":19,"href":"https:\/\/eppursimuove.ro\/Index\/index.php\/wp-json\/wp\/v2\/pages\/11\/revisions\/19"}],"wp:featuredmedia":[{"embeddable":true,"href":"https:\/\/eppursimuove.ro\/Index\/index.php\/wp-json\/wp\/v2\/media\/6"}],"wp:attachment":[{"href":"https:\/\/eppursimuove.ro\/Index\/index.php\/wp-json\/wp\/v2\/media?parent=11"}],"curies":[{"name":"wp","href":"https:\/\/api.w.org\/{rel}","templated":true}]}}